 remainder when l is divided by h.
22
Suppose -1621 = 6*z - 5443. What is the remainder when z is divided by 5?
2
Suppose -2*l - 2*o + 0*o = -16, 2*l = -5*o + 31. Suppose 4*b = -m - l*m + 4, 0 = 2*m + 5*b - 2. Let f = 22 - 21. Calculate the remainder when m is divided by f.
0
Let f = -452 + 502. What is the remainder when 184 is divided by f?
34
Suppose 31*b - 32*b + 124 = 0. Suppose n + b = 156. Calculate the remainder when n is divided by (14/(-4))/((-2)/4).
4
What is the remainder when 43 + 7 + 1 + -2 is divided by 11?
5
Suppose 3*d + 3*g - 29 = 55, d - g - 26 = 0. Let p be (-3)/3*-1*-4. Let f = p + 11. Calculate the remainder when d is divided by f.
6
Suppose 0 = 3*h - 5*f - 3, 0 = 3*h + 4*f + f - 33. Let d = h - 3. Calculate the remainder when 67 is divided by 4 + -7 - (-60)/d.
16
Suppose 5*o - 12 = -3*q, q = 3*o - 0*q + 4. Suppose 20*r - 726 + 86 = 0. Suppose -4*v + 8*v - r = o. What is the remainder when 13 is divided by v?
5
Let r = -509 - -564. What is the remainder when 162 is divided by r?
52
Suppose 29 = -r + 49. Calculate the remainder when 316 is divided by r.
16
Suppose -k + 16 = 3*k. Suppose -k*t + 200 = -136. Let o = t + -47. Calculate the remainder when o is divided by 10.
7
Suppose 4*h = 5*y + 89, y + 123 - 17 = 5*h. What is the remainder when h is divided by (-100)/(-7) - 10/35?
7
Let d(s) = -s + 42. Let h(n) = -2*n**2 - 2*n - 1. Let p be h(-2). Let o = -5 - p. What is the remainder when d(o) is divided by 15?
12
Suppose -2*b + 3*d = -32, -4*b + 3*d + 78 = 14. Calculate the remainder when 183 is divided by b.
7
Let l(d) = d**2 - 5*d + 8. What is the remainder when (798/27 - 5) + 4/9 is divided by l(6)?
11
Let r = 12 + -12. Suppose 10 = -r*x + x. Suppose -5*l - x = -50. Calculate the remainder when 20 is divided by l.
4
Let j be (-1)/1 - (-4 - -3). Suppose y - 2 = -3*p, j*p + p - 5*y + 10 = 0. Suppose 5*f - 41 - 29 = p. Calculate the remainder when 54 is divided by f.
12
Let p be -1 + 0 + (-12)/(-12). Suppose 3*d + 2*d - 25 = p. Calculate the remainder when 18 is divided by d.
3
Suppose -5*s + 246 + 89 = 0. Calculate the remainder when s is divided by 19.
10
Let q be 1/4 - (-234)/(-8). Let u = q - -42. Suppose -66*l = -4*w - 71*l + 87, 4*w - 3*l - 95 = 0. Calculate the remainder when w is divided by u.
10
Suppose 2*d + 0*r = -4*r - 8, -r = 4*d + 30. Let n = d - -44. Calculate the remainder when n is divided by 20.
16
Let f(u) = u**3 - 10*u**2 + 10*u - 5. Let x be f(9). Suppose -2*d + 51 = 5*y + 2*d, 3*d = -x*y + 41. What is the remainder when 32 is divided by y?
10
Suppose 40*d - 44*d = -60. Calculate the remainder when 41 is divided by d.
11
Let l(q) = q**2 + 4*q + 13. Let t be l(-6). Let b = t - 23. Suppose -2 - 16 = -b*i. Calculate the remainder when 16 is divided by i.
7
Let x = 7 - -51. Calculate the remainder when ((-14)/4 + 5)*x is divided by 22.
21
Suppose 5*a - 223 = -2*d, 3*d - 109 = 3*a + 236. Suppose -1 = l - 24. Calculate the remainder when d is divided by l.
22
Let k(l) = -l**2 - 2*l + 3. Let w be k(2). Suppose 1 = 2*s + 5*t, -6*s + 10 = -4*s - 4*t. What is the remainder when 418/55 + 3/w is divided by s?
1
Suppose 16*y = -8*y + 744. Calculate the remainder when 278 is divided by y.
30
Suppose -10 = -k + p, -p - 30 = k - 6*k. Suppose 4*u + 0*z - z - 60 = 0, -k*u + 62 = 2*z. What is the remainder when 69 is divided by u?
13
Let t(g) = g**2 - g - 6. Let b be t(-8). Suppose 4*j - 2*d = 26, 0*j = 3*j + 3*d + 3. Suppose j*k - b = 14. Calculate the remainder when 37 is divided by k.
17
Let i(x) = 5*x**2 - 10*x. Let u be i(-6). Suppose -u = -14*k - k. What is the remainder when 22 is divided by k?
6
Let r(y) = y + 4. Suppose 4*d + 2*i - 6 = 0, 35 = 5*d + i - 4*i. What is the remainder when 17 + (-2 - 1 - -4 - 4) is divided by r(d)?
6
Let z(x) = -15*x - 62. What is the remainder when z(-9) is divided by 45?
28
Suppose -7*x = q - 6*x - 39, -q + 5*x + 27 = 0. Calculate the remainder when 140 is divided by q.
29
Suppose 0 = -2*h - 0*h + 8. Suppose -y = -0*y - h*s - 3, 4*y = -2*s + 12. Calculate the remainder when 8 is divided by y.
2
Let a be (-2)/(1 + 1) - -6. Suppose 3*u - 28 = 2*z + 34, 0 = -a*u - 2*z + 98. Let j = 39 - -18. What is the remainder when j is divided by u?
17
Suppose 3*w - 2*w = -2. Let n be w/6 - (-286)/3. Let s = 134 - n. What is the remainder when s is divided by 10?
9
Suppose 4*i + m - 9 = -0*m, -i + 2*m + 9 = 0. Suppose 57 = 2*q - i. Suppose -q = -4*y + 50. What is the remainder when y is divided by 11?
9
Suppose 4*o - 128 = -4*l, -2*l + 0*o + 67 = -o. Suppose -36 = a - 3*a - 2*n, n = 2*a - l. What is the remainder when 82 is divided by a?
14
Calculate the remainder when 100 is divided by (-1 - 8/(-20)) + 3174/115.
19
Let m be (0 - (-6 - -1))*(-342)/30. Let j = 83 + m. Calculate the remainder when j is divided by 5.
1
Let k(b) = 7*b**2 + b + 1. Suppose 59 = 12*p - 37. Suppose p*i - 160 + 0 = 0. What is the remainder when i is divided by k(-1)?
6
Let r be -1*(5 + -4 - 105). Let h = r - -11. Calculate the remainder when h is divided by 2/(-3)*261/(-6).
28
Let i(s) = 6*s**2 + 4*s + 4. Suppose -2*t + 10 = -3*k, 0 = -6*k + k - 5*t. What is the remainder when i(k) is divided by 7?
6
Suppose 61 = -2*r + 11. Let p = r + 21. Calculate the remainder when 54 is divided by 88/6 + p/6.
12
What is the remainder when 383 + 10*(-22)/(-55) is divided by 89?
31
Let p be (-46)/(-3) + 1/(-3). Calculate the remainder when (-616)/(-12) - 5/p is divided by 18.
15
Let g(s) = -7*s + 8 + 4 - 2*s**2 - 11. Let l be g(-5). Let m = -11 - l. Calculate the remainder when 3 is divided by m.
0
Let s(j) = 11*j**2 - 5*j - 6. Let h be s(-3). Let x = -97 + h. Calculate the remainder when x is divided by 11.
0
Let v(y) = -y**3 + 13*y**2 - 33*y + 15. Calculate the remainder when v(9) is divided by ((-6)/15)/(1/(-30)).
6
Let q(c) = 15*c**3 - 2*c + 4. Calculate the remainder when q(2) is divided by 43.
34
Suppose 2*l = 6*k - k - 10, 35 = 3*l + 5*k. What is the remainder when 26 is divided by l?
1
Suppose -297 - 163 = -10*u. Calculate the remainder when 228 is divided by u.
44
Let s(r) = -3*r + 2. Let z be s(-3). Let y(a) = a + 7. Let f(x) = 2*x**2 + 5*x + 9. What is the remainder when f(-6) is divided by y(z)?
15
Let g = -162 - -70. Let w = 166 + g. What is the remainder when w is divided by 25?
24
Let i(l) = -109*l - 600. Calculate the remainder when i(-6) is divided by 1*-14*(-3 + 1).
26
Let n = 403 - 231. Suppose -4*l + 5*c = -166, 4*l = 2*c - 0*c + n. Let k = -7 + l. Calculate the remainder when k is divided by 13.
11
Suppose -14*p + 396 = -10*p. Calculate the remainder when p is divided by 34.
31
Let h = -694 - -738. What is the remainder when h is divided by 8?
4
Suppose -2*m + 361 + 13 = 0. Let k = -131 + m. Suppose -54 = -5*z + k. What is the remainder when 64 is divided by z?
20
Let l(i) = -2*i - 15. Let f be l(-11). Let b(z) = -z**3 + 7*z**2 + 2*z + 8. Let x = -6 + 18. What is the remainder when b(f) is divided by x?
10
Let d = -255 - -268. Calculate the remainder when 47 is divided by d.
8
Let w(z) = 27*z**2 + z + 1. Let s be w(-2). Suppose -45 = -y - y + g, 0 = 5*y + 5*g - 105. Let d = s - y. What is the remainder when d is divided by 22?
19
Let h(k) = k**2 + 2*k + 16. Let l be h(0). Suppose 56 = 2*q - l. Let a = 62 - q. What is the remainder when 49 is divided by a?
23
Let q be 2/8*-2*210/(-35). Suppose 0 = -y + q*o + 30, -y = -5*y - 4*o + 72. What is the remainder when 123 is divided by y?
18
Suppose 0 = 3*l + 2*w - 64, -l - 3*l + w + 78 = 0. Calculate the remainder when 7 + 61/(-9) + (-5)/((-135)/1533) is divided by l.
17
Let b(p) = -15*p**2 - 7*p + 11. Let k be b(3). Let w = 383 + k. What is the remainder when w is divided by 60?
58
Suppose 0*s = s - 7. Let k(x) = -8*x + 4. Let n(p) = -10*p + 3. Let g(q) = -4*k(q) + 3*n(q). Calculate the remainder when 12 is divided by g(s).
5
Let f(b) = -3*b**3 + 14*b**2 + 12*b - 5. Let p(k) = -k**3 + k**2 + k. Let z(d) = f(d) - 4*p(d). Calculate the remainder when z(-7) is divided by 29.
28
Suppose -3*c - 145 = -8*c - 4*j, 0 = 2*c - 4*j - 86. Calculate the remainder when 126 is divided by c.
27
Let u(l) = -l**3 + 4*l**2 - 2*l - 2. Let h be u(3). Suppose 3*z - 5*a = 161, -4*a - h - 156 = -3*z. What is the remainder when z is divided by 24?
23
Let x be 18/153 + (-15)/(-17). Calculate the